376 and 207.
69
Calculate the greatest common divisor of 1727 and 1133.
11
Calculate the greatest common divisor of 230 and 2714.
46
Calculate the highest common factor of 6475 and 18375.
175
Calculate the highest common divisor of 20 and 9985.
5
What is the highest common factor of 28077 and 199404?
573
Calculate the highest common factor of 15 and 827220.
15
What is the greatest common divisor of 10 and 3286910?
10
What is the greatest common factor of 140301 and 693?
63
What is the greatest common divisor of 850 and 85510?
170
What is the greatest common divisor of 1403 and 3599?
61
What is the greatest common divisor of 44 and 428?
4
What is the greatest common divisor of 1226907 and 11781?
1683
Calculate the highest common factor of 1041232 and 8496.
944
What is the greatest common divisor of 451 and 205861?
41
Calculate the highest common factor of 1523072 and 128.
128
Calculate the greatest common divisor of 616 and 5621.
77
Calculate the greatest common factor of 27530 and 1070.
10
Calculate the greatest common divisor of 254 and 2.
2
Calculate the highest common factor of 15250 and 85156.
122
Calculate the highest common divisor of 6 and 6218.
2
What is the greatest common factor of 67 and 268?
67
What is the greatest common divisor of 14200 and 1584?
8
What is the greatest common divisor of 63264 and 768?
96
Calculate the greatest common divisor of 61 and 86925.
61
What is the greatest common factor of 166192 and 10434?
94
What is the highest common factor of 53361 and 6?
3
What is the greatest common divisor of 8225 and 3325?
175
Calculate the highest common divisor of 7 and 1254491.
7
Calculate the greatest common divisor of 4855030 and 170.
170
Calculate the highest common divisor of 1057904 and 592.
592
Calculate the greatest common factor of 1280 and 83040.
160
What is the greatest common divisor of 8 and 12548?
4
What is the greatest common divisor of 716407 and 127?
127
Calculate the highest common factor of 232 and 437842.
58
Calculate the highest common divisor of 4604 and 3272293.
1151
What is the highest common divisor of 5480 and 6080?
40
What is the greatest common factor of 21206 and 184?
46
Calculate the greatest common factor of 33117 and 6650.
133
Calculate the greatest common divisor of 43 and 1316488.
43
What is the highest common divisor of 12975 and 3075?
75
What is the highest common factor of 484 and 5192?
44
What is the highest common factor of 1792 and 301?
7
What is the greatest common factor of 345 and 1497185?
115
What is the highest common divisor of 62437 and 1537?
29
What is the greatest common divisor of 858 and 163?
1
Calculate the highest common divisor of 2607 and 324687.
33
Calculate the greatest common factor of 35155 and 7120.
445
What is the greatest common factor of 1114325 and 1?
1
Calculate the greatest common factor of 48 and 4380.
12
What is the highest common factor of 135 and 155700?
45
What is the greatest common divisor of 54 and 51462?
54
What is the highest common factor of 1162 and 8798?
166
Calculate the greatest common factor of 470 and 219866.
94
Calculate the greatest common divisor of 530695 and 165.
55
Calculate the greatest common divisor of 1245 and 14193.
249
Calculate the highest common factor of 14 and 3196886.
14
Calculate the highest common divisor of 4535675 and 125.
25
What is the highest common factor of 507 and 11?
1
What is the greatest common divisor of 14 and 54908?
14
Calculate the greatest common divisor of 3889754 and 44.
22
What is the highest common divisor of 10085 and 925?
5
Calculate the greatest common divisor of 1324 and 142661.
331
What is the greatest common factor of 23084 and 153628?
796
What is the greatest common factor of 23485 and 329?
7
Calculate the greatest common divisor of 444 and 139452.
12
Calculate the greatest common divisor of 5588 and 1034.
22
Calculate the highest common factor of 80 and 173120.
80
Calculate the highest common factor of 83369 and 9328.
583
Calculate the greatest common factor of 369 and 149568.
123
What is the greatest common factor of 210364 and 3388?
308
What is the greatest common factor of 90 and 15966?
18
What is the highest common divisor of 228 and 50544?
12
What is the highest common factor of 156582 and 387?
9
What is the greatest common factor of 143621 and 95?
19
Calculate the highest common factor of 8813 and 63.
7
What is the highest common divisor of 156375 and 417?
417
Calculate the highest common factor of 222938 and 136.
34
Calculate the highest common factor of 918 and 4833.
27
What is the greatest common divisor of 27141 and 996?
249
Calculate the greatest common factor of 168 and 492344.
8
What is the highest common divisor of 675 and 5265?
135
What is the greatest common factor of 56547 and 32391?
549
What is the highest common divisor of 7 and 563297?
7
Calculate the highest common factor of 205340 and 460.
20
What is the highest common divisor of 15 and 97830?
15
Calculate the greatest common factor of 176 and 8415.
11
Calculate the highest common divisor of 14565 and 555.
15
Calculate the greatest common divisor of 527 and 10912.
31
Calculate the greatest common factor of 1795111 and 137.
137
Calculate the greatest common divisor of 72 and 4352.
8
Calculate the greatest common divisor of 5745161 and 29.
29
Calculate the greatest common factor of 4700 and 1410.
470
Calculate the greatest common factor of 10659 and 27588.
627
Calculate the greatest common divisor of 698435 and 205.
205
What is the highest common factor of 12800 and 425?
25
Calculate the greatest common factor of 70 and 17218.
2
Calculate the highest common divisor of 22 and 6297115.
11
What is the highest common divisor of 333592 and 1008?
56
Calculate the greatest common factor of 345 and 1311.
69
Calculate the highest common divisor of 8935 and 685.
5
What is the highest common factor of 273 and 30?
3
Calculate the highest common divisor of 803 and 1067.
11
Calculate the greatest common divisor of 326 and 2277925.
163
What is the highest common divisor of 96602 and 22?
22
What is the greatest common divisor of 8130109 and 52?
13
Calculate the highest common factor of 365370 and 2280.
570
Calculate the highest common factor of 322 and 644.
322
Calculate the highest common factor of 8596 and 3612.
28
Calculate the greatest common factor of 175 and 11275.
25
Calculate the highest common factor of 2895 and 1465.
5
What is the highest common factor of 114 and 91029?
57
What is the highest common divisor of 5060 and 132710?
230
What is the greatest common divisor of 23 and 4510990?
23
What is the greatest common factor of 2344 and 44?
4
What is the highest common divisor of 23475 and 50?
25
Calculate the highest common divisor of 95 and 1075.
5
What is the greatest common factor of 1536832 and 37?
37
Calculate the greatest common factor of 1138 and 1002009.
569
Calculate the greatest common factor of 528011 and 22.
11
Calculate the highest common factor of 4845 and 3.
3
Calculate the highest common factor of 2008 and 16.
8
Calculate the greatest common factor of 273858 and 208.
26
Calculate the highest common factor of 2840 and 602790.
710
Calculate the highest common divisor of 1165 and 72929.
233
Calculate the highest common divisor of 351480 and 300.
60
Calculate the highest common divisor of 10274 and 198.
22
Calculate the highest common divisor of 1037 and 187.
17
Calculate the greatest common divisor of 28 and 493094.
14
Calculate the greatest common divisor of 2929 and 11339.
29
Calculate the highest common factor of 122655 and 13.
13
Calculate the highest common factor of 55968 and 212.
212
What is the greatest common factor of 135 and 39528?
27
What is the greatest common factor of 26 and 139906?
26
What is the greatest common divisor of 8 and 240194?
2
What is the greatest common factor of 8415 and 344025?
495
What is the greatest common divisor of 1775 and 42950?
25
What is the highest common factor of 325 and 69675?
25
What is the highest common divisor of 24717 and 12936?
231
What is the greatest common divisor of 90725 and 13775?
475
What is the greatest common divisor of 72 and 347352?
24
Calculate the highest common divisor of 1083 and 72.
3
Calculate the greatest common divisor of 165 and 10560.
165
What is the 